{"id":9378,"date":"2026-01-28T06:06:40","date_gmt":"2026-01-28T06:06:40","guid":{"rendered":"https:\/\/www.consumerdirectcare.com\/?post_type=faq&#038;p=9378"},"modified":"2026-01-30T09:44:16","modified_gmt":"2026-01-30T09:44:16","slug":"implementation-of-self-directed-supports-for-people-with-intellectual-and-developmental-disabilities-in-the-united-states-journal-of-disability-policy-studies","status":"publish","type":"faq","link":"https:\/\/www.consumerdirectcare.com\/vi\/blog\/faq\/implementation-of-self-directed-supports-for-people-with-intellectual-and-developmental-disabilities-in-the-united-states-journal-of-disability-policy-studies\/","title":{"rendered":"Th\u1ef1c hi\u1ec7n c\u00e1c bi\u1ec7n ph\u00e1p h\u1ed7 tr\u1ee3 t\u1ef1 ch\u1ee7 cho ng\u01b0\u1eddi khuy\u1ebft t\u1eadt tr\u00ed tu\u1ec7 v\u00e0 ph\u00e1t tri\u1ec3n t\u1ea1i Hoa K\u1ef3. T\u1ea1p ch\u00ed Nghi\u00ean c\u1ee9u Ch\u00ednh s\u00e1ch v\u1ec1 Khuy\u1ebft t\u1eadt."},"content":{"rendered":"<p><strong>Tr\u00edch d\u1eabn:&nbsp;<\/strong>DeCarlo, M. P., Bogenschutz, M. D., Hall-Lande, J. A., &amp; Hewitt, A. S. (2019). Tri\u1ec3n khai c\u00e1c h\u1ed7 tr\u1ee3 t\u1ef1 ch\u1ee7 cho ng\u01b0\u1eddi khuy\u1ebft t\u1eadt tr\u00ed tu\u1ec7 v\u00e0 ph\u00e1t tri\u1ec3n t\u1ea1i Hoa K\u1ef3.&nbsp;<em>T\u1ea1p ch\u00ed Nghi\u00ean c\u1ee9u Ch\u00ednh s\u00e1ch v\u1ec1 Khuy\u1ebft t\u1eadt, 30(1), 15\u201321<\/em>.&nbsp;<a href=\"https:\/\/journals.sagepub.com\/doi\/abs\/10.1177\/1044207318790061\" target=\"_blank\" rel=\"noreferrer noopener\">https:\/\/journals.sagepub.com\/doi\/abs\/10.1177\/1044207318790061<\/a>&nbsp;<\/p>\n\n\n\n<p><strong>T\u00f3m t\u1eaft:&nbsp;<\/strong>B\u00e0i vi\u1ebft n\u00e0y ph\u00e2n t\u00edch b\u1ed1i c\u1ea3nh qu\u1ed1c gia v\u1ec1 vi\u1ec7c tri\u1ec3n khai h\u1ed7 tr\u1ee3 t\u1ef1 ch\u1ee7 cho c\u00e1 nh\u00e2n c\u00f3 khuy\u1ebft t\u1eadt tr\u00ed tu\u1ec7 v\u00e0 ph\u00e1t tri\u1ec3n tr\u00ean to\u00e0n Hoa K\u1ef3. C\u00e1c t\u00e1c gi\u1ea3 ph\u00e2n t\u00edch s\u1ef1 kh\u00e1c bi\u1ec7t gi\u1eefa c\u00e1c bang v\u1ec1 thi\u1ebft k\u1ebf ch\u01b0\u01a1ng tr\u00ecnh, c\u01a1 ch\u1ebf t\u00e0i tr\u1ee3 v\u00e0 c\u1ea5u tr\u00fac h\u00e0nh ch\u00ednh, cung c\u1ea5p c\u00e1i nh\u00ecn t\u1ed5ng quan to\u00e0n di\u1ec7n v\u1ec1 c\u00e1ch c\u00e1c bang kh\u00e1c nhau \u0111\u00e3 \u00e1p d\u1ee5ng v\u00e0 \u0111i\u1ec1u ch\u1ec9nh c\u00e1c m\u00f4 h\u00ecnh t\u1ef1 ch\u1ee7.<\/p>\n\n\n\n<p><\/p>","protected":false},"featured_media":0,"template":"","meta":{"_acf_changed":false},"faq-category":[45],"class_list":["post-9378","faq","type-faq","status-publish","hentry","faq-category-self-direction-framework"],"acf":[],"yoast_head":"<!-- This site is optimized with the Yoast SEO plugin v26.0 - https:\/\/yoast.com\/wordpress\/plugins\/seo\/ -->\n<title>Implementation of self-directed supports for people with intellectual and developmental disabilities in the United States.\u00a0Journal of Disability Policy Studies. - Consumer Direct Care<\/title>\n<meta name=\"robots\" content=\"index, follow, max-snippet:-1, max-image-preview:large, max-video-preview:-1\" \/>\n<link rel=\"canonical\" href=\"https:\/\/www.consumerdirectcare.com\/vi\/blog\/faq\/implementation-of-self-directed-supports-for-people-with-intellectual-and-developmental-disabilities-in-the-united-states-journal-of-disability-policy-studies\/\" \/>\n<meta property=\"og:locale\" content=\"vi_VN\" \/>\n<meta property=\"og:type\" content=\"article\" \/>\n<meta property=\"og:title\" content=\"Implementation of self-directed supports for people with intellectual and developmental disabilities in the United States.\u00a0Journal of Disability Policy Studies. - Consumer Direct Care\" \/>\n<meta property=\"og:description\" content=\"Citation:&nbsp;DeCarlo, M. P., Bogenschutz, M. D., Hall-Lande, J. A., &amp; Hewitt, A. S. (2019).&nbsp;Implementation of self-directed supports for people with intellectual and developmental disabilities in the United States.&nbsp;Journal of Disability Policy Studies, 30(1), 15\u201321.&nbsp;https:\/\/journals.sagepub.com\/doi\/abs\/10.1177\/1044207318790061&nbsp; Summary:&nbsp;This article examines the national landscape of self-directed support implementation for individuals with intellectual and developmental disabilities across the United States. [&hellip;]\" \/>\n<meta property=\"og:url\" content=\"https:\/\/www.consumerdirectcare.com\/vi\/blog\/faq\/implementation-of-self-directed-supports-for-people-with-intellectual-and-developmental-disabilities-in-the-united-states-journal-of-disability-policy-studies\/\" \/>\n<meta property=\"og:site_name\" content=\"Consumer Direct Care\" \/>\n<meta property=\"article:modified_time\" content=\"2026-01-30T09:44:16+00:00\" \/>\n<meta name=\"twitter:card\" content=\"summary_large_image\" \/>\n<meta name=\"twitter:label1\" content=\"\u01af\u1edbc t\u00ednh th\u1eddi gian \u0111\u1ecdc\" \/>\n\t<meta name=\"twitter:data1\" content=\"1 ph\u00fat\" \/>\n<script type=\"application\/ld+json\" class=\"yoast-schema-graph\">{\"@context\":\"https:\/\/schema.org\",\"@graph\":[{\"@type\":\"WebPage\",\"@id\":\"https:\/\/www.consumerdirectcare.com\/blog\/faq\/implementation-of-self-directed-supports-for-people-with-intellectual-and-developmental-disabilities-in-the-united-states-journal-of-disability-policy-studies\/\",\"url\":\"https:\/\/www.consumerdirectcare.com\/blog\/faq\/implementation-of-self-directed-supports-for-people-with-intellectual-and-developmental-disabilities-in-the-united-states-journal-of-disability-policy-studies\/\",\"name\":\"Implementation of self-directed supports for people with intellectual and developmental disabilities in the United States.\u00a0Journal of Disability Policy Studies. - Consumer Direct Care\",\"isPartOf\":{\"@id\":\"https:\/\/www.consumerdirectcare.com\/#website\"},\"datePublished\":\"2026-01-28T06:06:40+00:00\",\"dateModified\":\"2026-01-30T09:44:16+00:00\",\"breadcrumb\":{\"@id\":\"https:\/\/www.consumerdirectcare.com\/blog\/faq\/implementation-of-self-directed-supports-for-people-with-intellectual-and-developmental-disabilities-in-the-united-states-journal-of-disability-policy-studies\/#breadcrumb\"},\"inLanguage\":\"vi\",\"potentialAction\":[{\"@type\":\"ReadAction\",\"target\":[\"https:\/\/www.consumerdirectcare.com\/blog\/faq\/implementation-of-self-directed-supports-for-people-with-intellectual-and-developmental-disabilities-in-the-united-states-journal-of-disability-policy-studies\/\"]}]},{\"@type\":\"BreadcrumbList\",\"@id\":\"https:\/\/www.consumerdirectcare.com\/blog\/faq\/implementation-of-self-directed-supports-for-people-with-intellectual-and-developmental-disabilities-in-the-united-states-journal-of-disability-policy-studies\/#breadcrumb\",\"itemListElement\":[{\"@type\":\"ListItem\",\"position\":1,\"name\":\"Home\",\"item\":\"https:\/\/www.consumerdirectcare.com\/\"},{\"@type\":\"ListItem\",\"position\":2,\"name\":\"Implementation of self-directed supports for people with intellectual and developmental disabilities in the United States.\u00a0Journal of Disability Policy Studies.\"}]},{\"@type\":\"WebSite\",\"@id\":\"https:\/\/www.consumerdirectcare.com\/#website\",\"url\":\"https:\/\/www.consumerdirectcare.com\/\",\"name\":\"Consumer Direct Care\",\"description\":\"\",\"publisher\":{\"@id\":\"https:\/\/www.consumerdirectcare.com\/#organization\"},\"potentialAction\":[{\"@type\":\"SearchAction\",\"target\":{\"@type\":\"EntryPoint\",\"urlTemplate\":\"https:\/\/www.consumerdirectcare.com\/?s={search_term_string}\"},\"query-input\":{\"@type\":\"PropertyValueSpecification\",\"valueRequired\":true,\"valueName\":\"search_term_string\"}}],\"inLanguage\":\"vi\"},{\"@type\":\"Organization\",\"@id\":\"https:\/\/www.consumerdirectcare.com\/#organization\",\"name\":\"Consumer Direct Care\",\"url\":\"https:\/\/www.consumerdirectcare.com\/\",\"logo\":{\"@type\":\"ImageObject\",\"inLanguage\":\"vi\",\"@id\":\"https:\/\/www.consumerdirectcare.com\/#\/schema\/logo\/image\/\",\"url\":\"https:\/\/www.consumerdirectcare.com\/wp-content\/uploads\/2025\/05\/CDCN-Logo-dark.png\",\"contentUrl\":\"https:\/\/www.consumerdirectcare.com\/wp-content\/uploads\/2025\/05\/CDCN-Logo-dark.png\",\"width\":158,\"height\":48,\"caption\":\"Consumer Direct Care\"},\"image\":{\"@id\":\"https:\/\/www.consumerdirectcare.com\/#\/schema\/logo\/image\/\"}}]}<\/script>\n<!-- \/ Yoast SEO plugin. -->","yoast_head_json":{"title":"Implementation of self-directed supports for people with intellectual and developmental disabilities in the United States.\u00a0Journal of Disability Policy Studies. - Consumer Direct Care","robots":{"index":"index","follow":"follow","max-snippet":"max-snippet:-1","max-image-preview":"max-image-preview:large","max-video-preview":"max-video-preview:-1"},"canonical":"https:\/\/www.consumerdirectcare.com\/vi\/blog\/faq\/implementation-of-self-directed-supports-for-people-with-intellectual-and-developmental-disabilities-in-the-united-states-journal-of-disability-policy-studies\/","og_locale":"vi_VN","og_type":"article","og_title":"Implementation of self-directed supports for people with intellectual and developmental disabilities in the United States.\u00a0Journal of Disability Policy Studies. - Consumer Direct Care","og_description":"Citation:&nbsp;DeCarlo, M. P., Bogenschutz, M. D., Hall-Lande, J. A., &amp; Hewitt, A. S. (2019).&nbsp;Implementation of self-directed supports for people with intellectual and developmental disabilities in the United States.&nbsp;Journal of Disability Policy Studies, 30(1), 15\u201321.&nbsp;https:\/\/journals.sagepub.com\/doi\/abs\/10.1177\/1044207318790061&nbsp; Summary:&nbsp;This article examines the national landscape of self-directed support implementation for individuals with intellectual and developmental disabilities across the United States. [&hellip;]","og_url":"https:\/\/www.consumerdirectcare.com\/vi\/blog\/faq\/implementation-of-self-directed-supports-for-people-with-intellectual-and-developmental-disabilities-in-the-united-states-journal-of-disability-policy-studies\/","og_site_name":"Consumer Direct Care","article_modified_time":"2026-01-30T09:44:16+00:00","twitter_card":"summary_large_image","twitter_misc":{"\u01af\u1edbc t\u00ednh th\u1eddi gian \u0111\u1ecdc":"1 ph\u00fat"},"schema":{"@context":"https:\/\/schema.org","@graph":[{"@type":"WebPage","@id":"https:\/\/www.consumerdirectcare.com\/blog\/faq\/implementation-of-self-directed-supports-for-people-with-intellectual-and-developmental-disabilities-in-the-united-states-journal-of-disability-policy-studies\/","url":"https:\/\/www.consumerdirectcare.com\/blog\/faq\/implementation-of-self-directed-supports-for-people-with-intellectual-and-developmental-disabilities-in-the-united-states-journal-of-disability-policy-studies\/","name":"Implementation of self-directed supports for people with intellectual and developmental disabilities in the United States.\u00a0Journal of Disability Policy Studies. - Consumer Direct Care","isPartOf":{"@id":"https:\/\/www.consumerdirectcare.com\/#website"},"datePublished":"2026-01-28T06:06:40+00:00","dateModified":"2026-01-30T09:44:16+00:00","breadcrumb":{"@id":"https:\/\/www.consumerdirectcare.com\/blog\/faq\/implementation-of-self-directed-supports-for-people-with-intellectual-and-developmental-disabilities-in-the-united-states-journal-of-disability-policy-studies\/#breadcrumb"},"inLanguage":"vi","potentialAction":[{"@type":"ReadAction","target":["https:\/\/www.consumerdirectcare.com\/blog\/faq\/implementation-of-self-directed-supports-for-people-with-intellectual-and-developmental-disabilities-in-the-united-states-journal-of-disability-policy-studies\/"]}]},{"@type":"BreadcrumbList","@id":"https:\/\/www.consumerdirectcare.com\/blog\/faq\/implementation-of-self-directed-supports-for-people-with-intellectual-and-developmental-disabilities-in-the-united-states-journal-of-disability-policy-studies\/#breadcrumb","itemListElement":[{"@type":"ListItem","position":1,"name":"Home","item":"https:\/\/www.consumerdirectcare.com\/"},{"@type":"ListItem","position":2,"name":"Implementation of self-directed supports for people with intellectual and developmental disabilities in the United States.\u00a0Journal of Disability Policy Studies."}]},{"@type":"WebSite","@id":"https:\/\/www.consumerdirectcare.com\/#website","url":"https:\/\/www.consumerdirectcare.com\/","name":"Ch\u0103m s\u00f3c tr\u1ef1c ti\u1ebfp ng\u01b0\u1eddi ti\u00eau d\u00f9ng","description":"","publisher":{"@id":"https:\/\/www.consumerdirectcare.com\/#organization"},"potentialAction":[{"@type":"SearchAction","target":{"@type":"EntryPoint","urlTemplate":"https:\/\/www.consumerdirectcare.com\/?s={search_term_string}"},"query-input":{"@type":"PropertyValueSpecification","valueRequired":true,"valueName":"search_term_string"}}],"inLanguage":"vi"},{"@type":"Organization","@id":"https:\/\/www.consumerdirectcare.com\/#organization","name":"Ch\u0103m s\u00f3c tr\u1ef1c ti\u1ebfp ng\u01b0\u1eddi ti\u00eau d\u00f9ng","url":"https:\/\/www.consumerdirectcare.com\/","logo":{"@type":"ImageObject","inLanguage":"vi","@id":"https:\/\/www.consumerdirectcare.com\/#\/schema\/logo\/image\/","url":"https:\/\/www.consumerdirectcare.com\/wp-content\/uploads\/2025\/05\/CDCN-Logo-dark.png","contentUrl":"https:\/\/www.consumerdirectcare.com\/wp-content\/uploads\/2025\/05\/CDCN-Logo-dark.png","width":158,"height":48,"caption":"Consumer Direct Care"},"image":{"@id":"https:\/\/www.consumerdirectcare.com\/#\/schema\/logo\/image\/"}}]}},"_links":{"self":[{"href":"https:\/\/www.consumerdirectcare.com\/vi\/wp-json\/wp\/v2\/faq\/9378","targetHints":{"allow":["GET"]}}],"collection":[{"href":"https:\/\/www.consumerdirectcare.com\/vi\/wp-json\/wp\/v2\/faq"}],"about":[{"href":"https:\/\/www.consumerdirectcare.com\/vi\/wp-json\/wp\/v2\/types\/faq"}],"wp:attachment":[{"href":"https:\/\/www.consumerdirectcare.com\/vi\/wp-json\/wp\/v2\/media?parent=9378"}],"wp:term":[{"taxonomy":"faq-category","embeddable":true,"href":"https:\/\/www.consumerdirectcare.com\/vi\/wp-json\/wp\/v2\/faq-category?post=9378"}],"curies":[{"name":"wp","href":"https:\/\/api.w.org\/{rel}","templated":true}]}}

Thực hiện các biện pháp hỗ trợ tự chủ cho người khuyết tật trí tuệ và phát triển tại Hoa Kỳ. Tạp chí Nghiên cứu Chính sách về Khuyết tật.

<p><strong>Trích dẫn:&nbsp;</strong>DeCarlo, M. P., Bogenschutz, M. D., Hall-Lande, J. A., &amp; Hewitt, A. S. (2019). Triển khai các hỗ trợ tự chủ cho người khuyết tật trí tuệ và phát triển tại Hoa Kỳ.&nbsp;<em>Tạp chí Nghiên cứu Chính sách về Khuyết tật, 30(1), 15–21</em>.&nbsp;<a href="https://journals.sagepub.com/doi/abs/10.1177/1044207318790061" target="_blank" rel="noreferrer noopener">https://journals.sagepub.com/doi/abs/10.1177/1044207318790061</a>&nbsp;</p>



<p><strong>Tóm tắt:&nbsp;</strong>Bài viết này phân tích bối cảnh quốc gia về việc triển khai hỗ trợ tự chủ cho cá nhân có khuyết tật trí tuệ và phát triển trên toàn Hoa Kỳ. Các tác giả phân tích sự khác biệt giữa các bang về thiết kế chương trình, cơ chế tài trợ và cấu trúc hành chính, cung cấp cái nhìn tổng quan toàn diện về cách các bang khác nhau đã áp dụng và điều chỉnh các mô hình tự chủ.</p>



<p></p>

<!-- This site is optimized with the Yoast SEO plugin v26.0 - https://yoast.com/wordpress/plugins/seo/ -->
<title>Implementation of self-directed supports for people with intellectual and developmental disabilities in the United States. Journal of Disability Policy Studies. - Consumer Direct Care</title>
<meta name="robots" content="index, follow, max-snippet:-1, max-image-preview:large, max-video-preview:-1" />
<link rel="canonical" href="https://www.consumerdirectcare.com/vi/blog/faq/implementation-of-self-directed-supports-for-people-with-intellectual-and-developmental-disabilities-in-the-united-states-journal-of-disability-policy-studies/" />
<meta property="og:locale" content="vi_VN" />
<meta property="og:type" content="article" />
<meta property="og:title" content="Implementation of self-directed supports for people with intellectual and developmental disabilities in the United States. Journal of Disability Policy Studies. - Consumer Direct Care" />
<meta property="og:description" content="Citation:&nbsp;DeCarlo, M. P., Bogenschutz, M. D., Hall-Lande, J. A., &amp; Hewitt, A. S. (2019).&nbsp;Implementation of self-directed supports for people with intellectual and developmental disabilities in the United States.&nbsp;Journal of Disability Policy Studies, 30(1), 15–21.&nbsp;https://journals.sagepub.com/doi/abs/10.1177/1044207318790061&nbsp; Summary:&nbsp;This article examines the national landscape of self-directed support implementation for individuals with intellectual and developmental disabilities across the United States. [&hellip;]" />
<meta property="og:url" content="https://www.consumerdirectcare.com/vi/blog/faq/implementation-of-self-directed-supports-for-people-with-intellectual-and-developmental-disabilities-in-the-united-states-journal-of-disability-policy-studies/" />
<meta property="og:site_name" content="Consumer Direct Care" />
<meta property="article:modified_time" content="2026-01-30T09:44:16+00:00" />
<meta name="twitter:card" content="summary_large_image" />
<meta name="twitter:label1" content="Ước tính thời gian đọc" />
	<meta name="twitter:data1" content="1 phút" />
<script type="application/ld+json" class="yoast-schema-graph">{"@context":"https://schema.org","@graph":[{"@type":"WebPage","@id":"https://www.consumerdirectcare.com/blog/faq/implementation-of-self-directed-supports-for-people-with-intellectual-and-developmental-disabilities-in-the-united-states-journal-of-disability-policy-studies/","url":"https://www.consumerdirectcare.com/blog/faq/implementation-of-self-directed-supports-for-people-with-intellectual-and-developmental-disabilities-in-the-united-states-journal-of-disability-policy-studies/","name":"Implementation of self-directed supports for people with intellectual and developmental disabilities in the United States. Journal of Disability Policy Studies. - Consumer Direct Care","isPartOf":{"@id":"https://www.consumerdirectcare.com/#website"},"datePublished":"2026-01-28T06:06:40+00:00","dateModified":"2026-01-30T09:44:16+00:00","breadcrumb":{"@id":"https://www.consumerdirectcare.com/blog/faq/implementation-of-self-directed-supports-for-people-with-intellectual-and-developmental-disabilities-in-the-united-states-journal-of-disability-policy-studies/#breadcrumb"},"inLanguage":"vi","potentialAction":[{"@type":"ReadAction","target":["https://www.consumerdirectcare.com/blog/faq/implementation-of-self-directed-supports-for-people-with-intellectual-and-developmental-disabilities-in-the-united-states-journal-of-disability-policy-studies/"]}]},{"@type":"BreadcrumbList","@id":"https://www.consumerdirectcare.com/blog/faq/implementation-of-self-directed-supports-for-people-with-intellectual-and-developmental-disabilities-in-the-united-states-journal-of-disability-policy-studies/#breadcrumb","itemListElement":[{"@type":"ListItem","position":1,"name":"Home","item":"https://www.consumerdirectcare.com/"},{"@type":"ListItem","position":2,"name":"Implementation of self-directed supports for people with intellectual and developmental disabilities in the United States. Journal of Disability Policy Studies."}]},{"@type":"WebSite","@id":"https://www.consumerdirectcare.com/#website","url":"https://www.consumerdirectcare.com/","name":"Consumer Direct Care","description":"","publisher":{"@id":"https://www.consumerdirectcare.com/#organization"},"potentialAction":[{"@type":"SearchAction","target":{"@type":"EntryPoint","urlTemplate":"https://www.consumerdirectcare.com/?s={search_term_string}"},"query-input":{"@type":"PropertyValueSpecification","valueRequired":true,"valueName":"search_term_string"}}],"inLanguage":"vi"},{"@type":"Organization","@id":"https://www.consumerdirectcare.com/#organization","name":"Consumer Direct Care","url":"https://www.consumerdirectcare.com/","logo":{"@type":"ImageObject","inLanguage":"vi","@id":"https://www.consumerdirectcare.com/#/schema/logo/image/","url":"https://www.consumerdirectcare.com/wp-content/uploads/2025/05/CDCN-Logo-dark.png","contentUrl":"https://www.consumerdirectcare.com/wp-content/uploads/2025/05/CDCN-Logo-dark.png","width":158,"height":48,"caption":"Consumer Direct Care"},"image":{"@id":"https://www.consumerdirectcare.com/#/schema/logo/image/"}}]}</script>
<!-- / Yoast SEO plugin. -->

1 phút

Chăm sóc trực tiếp người tiêu dùng
